{"id":209,"date":"2013-08-20T12:11:03","date_gmt":"2013-08-20T10:11:03","guid":{"rendered":"http:\/\/www.elektronikhemma.se\/?page_id=209"},"modified":"2021-04-15T14:22:38","modified_gmt":"2021-04-15T12:22:38","slug":"smarta-hem","status":"publish","type":"page","link":"http:\/\/www.elektronikhemma.se\/?page_id=209","title":{"rendered":"Smarta hem"},"content":{"rendered":"\n<p>Vi anser att ett smart hem \u00e4r en plats d\u00e4r all ljud och bild \u00e4r centralt lagrat och tillg\u00e4ngligt f\u00f6r alla i familjen samtidigt och hela tiden oavsett om du \u00e4r hemma eller p\u00e5 resande fot. Det \u00e4r en plats d\u00e4r du sj\u00e4lv best\u00e4mmer vad du vill se eller lyssna p\u00e5 just nu med en grym kvalitet. Du ser inga kablar eller kanske inte heller h\u00f6gtalare, f\u00f6r dem har vi byggt in i v\u00e4ggar och tak eller kanske g\u00f6mt bakom en tapetserad fondv\u00e4gg. Givetvis f\u00f6ljer musiken med dig s\u00f6ml\u00f6st mellan rummen n\u00e4r du vill g\u00e5 till uteplatsen eller kanske till badrummet. Du sk\u00f6ter ditt system via antingen inbyggda paneler i v\u00e4ggarna eller via din telefon\/surfplatta. Belysning och klimat sk\u00f6ter sig sj\u00e4lvt antingen efter dina \u00f6nskem\u00e5l eller automatiskt efter v\u00e4der vind. Varje anv\u00e4ndare har sina inst\u00e4llningar son systemet automatiskt k\u00e4nner igen antingen via den enhet som du v\u00e4ljer att anv\u00e4nda eller genom identifiering i en kamera n\u00e4r du kommer hem och g\u00e5r in genom d\u00f6rren. <strong>M\u00f6jligheterna \u00e4r o\u00e4ndliga!<\/strong><\/p>\n\n\n\n<p>Vi kan hj\u00e4lpa dig vare sig du \u00e4r i planeringsstadiet f\u00f6r din nya villa eller bara vill ge din bostadsr\u00e4tt en &#8221;boost&#8221; av det senaste inom Smarta hem-konceptet. Vi erbjuder b\u00e5de&nbsp;kompletta tr\u00e5dl\u00f6sa system och tr\u00e5dbundna l\u00f6sningar med oslagbar kvalite.<\/p>\n\n\n\n<p><strong>H\u00f6r av dig till oss f\u00f6r kostnadsfri offert!&nbsp;&nbsp;&nbsp;&nbsp;&nbsp;&nbsp;&nbsp;&nbsp;&nbsp;&nbsp;&nbsp;&nbsp;&nbsp;&nbsp;&nbsp;&nbsp;&nbsp;&nbsp;&nbsp;&nbsp;&nbsp;&nbsp;&nbsp;&nbsp;&nbsp;&nbsp;&nbsp;&nbsp;&nbsp;&nbsp;&nbsp;&nbsp;&nbsp;&nbsp;&nbsp;&nbsp;&nbsp;&nbsp;&nbsp;&nbsp;&nbsp;&nbsp;&nbsp;&nbsp;&nbsp;&nbsp;&nbsp;&nbsp;&nbsp;&nbsp;&nbsp;&nbsp;&nbsp;&nbsp;&nbsp;&nbsp;&nbsp;&nbsp;&nbsp;&nbsp;&nbsp;&nbsp;&nbsp;&nbsp;&nbsp;&nbsp;&nbsp;&nbsp;&nbsp;&nbsp;&nbsp;&nbsp;&nbsp;&nbsp;&nbsp;&nbsp;&nbsp;&nbsp;&nbsp;&nbsp;&nbsp;&nbsp;&nbsp;&nbsp;&nbsp;&nbsp;&nbsp;&nbsp;&nbsp;&nbsp;&nbsp;&nbsp;&nbsp;&nbsp;&nbsp;&nbsp;&nbsp;&nbsp; <\/strong><\/p>\n\n\n\n<figure class=\"wp-block-image\"><img loading=\"lazy\" decoding=\"async\" width=\"484\" height=\"341\" src=\"http:\/\/www.elektronikhemma.se\/wp-content\/uploads\/nuvo_musichouse.jpg\" alt=\"nuvo_musichouse\" class=\"wp-image-273\" srcset=\"http:\/\/www.elektronikhemma.se\/wp-content\/uploads\/nuvo_musichouse.jpg 484w, http:\/\/www.elektronikhemma.se\/wp-content\/uploads\/nuvo_musichouse-300x211.jpg 300w\" sizes=\"(max-width: 484px) 100vw, 484px\" \/><\/figure>\n\n\n\n<p>Ett urval av v\u00e5ra&nbsp;leverant\u00f6rer:<br><a href=\"http:\/\/www.elektronikhemma.se\/wp-content\/uploads\/nuvo_liten.jpg\"><img loading=\"lazy\" decoding=\"async\" src=\"http:\/\/www.elektronikhemma.se\/wp-content\/uploads\/nuvo_liten.jpg\" alt=\"Print\" width=\"100\" height=\"37\"><\/a>&nbsp;<a href=\"http:\/\/www.elektronikhemma.se\/wp-content\/uploads\/canton_liten.jpg\"><img loading=\"lazy\" decoding=\"async\" src=\"http:\/\/www.elektronikhemma.se\/wp-content\/uploads\/canton_liten.jpg\" alt=\"canton_liten\" width=\"100\" height=\"35\"><\/a>&nbsp;<a href=\"http:\/\/www.elektronikhemma.se\/wp-content\/uploads\/sonance_liten.png\"><img loading=\"lazy\" decoding=\"async\" src=\"http:\/\/www.elektronikhemma.se\/wp-content\/uploads\/sonance_liten.png\" alt=\"sonance_liten\" width=\"100\" height=\"67\"><\/a><\/p>\n","protected":false},"excerpt":{"rendered":"<p>Vi anser att ett smart hem \u00e4r en plats d\u00e4r all ljud och bild \u00e4r centralt lagrat och tillg\u00e4ngligt f\u00f6r alla i familjen samtidigt och hela tiden oavsett om du \u00e4r hemma eller p\u00e5 resande fot. Det \u00e4r en plats d\u00e4r du sj\u00e4lv best\u00e4mmer vad du vill se eller lyssna p\u00e5 just nu med en [&hellip;]<\/p>\n","protected":false},"author":1,"featured_media":0,"parent":0,"menu_order":0,"comment_status":"closed","ping_status":"closed","template":"","meta":{"footnotes":""},"_links":{"self":[{"href":"http:\/\/www.elektronikhemma.se\/index.php?rest_route=\/wp\/v2\/pages\/209"}],"collection":[{"href":"http:\/\/www.elektronikhemma.se\/index.php?rest_route=\/wp\/v2\/pages"}],"about":[{"href":"http:\/\/www.elektronikhemma.se\/index.php?rest_route=\/wp\/v2\/types\/page"}],"author":[{"embeddable":true,"href":"http:\/\/www.elektronikhemma.se\/index.php?rest_route=\/wp\/v2\/users\/1"}],"replies":[{"embeddable":true,"href":"http:\/\/www.elektronikhemma.se\/index.php?rest_route=%2Fwp%2Fv2%2Fcomments&post=209"}],"version-history":[{"count":18,"href":"http:\/\/www.elektronikhemma.se\/index.php?rest_route=\/wp\/v2\/pages\/209\/revisions"}],"predecessor-version":[{"id":5431,"href":"http:\/\/www.elektronikhemma.se\/index.php?rest_route=\/wp\/v2\/pages\/209\/revisions\/5431"}],"wp:attachment":[{"href":"http:\/\/www.elektronikhemma.se\/index.php?rest_route=%2Fwp%2Fv2%2Fmedia&parent=209"}],"curies":[{"name":"wp","href":"https:\/\/api.w.org\/{rel}","templated":true}]}}