{"id":211,"date":"2013-08-20T12:11:21","date_gmt":"2013-08-20T10:11:21","guid":{"rendered":"http:\/\/www.elektronikhemma.se\/?page_id=211"},"modified":"2021-04-15T14:25:22","modified_gmt":"2021-04-15T12:25:22","slug":"it","status":"publish","type":"page","link":"https:\/\/www.elektronikhemma.se\/?page_id=211","title":{"rendered":"IT"},"content":{"rendered":"<p><strong><em>JoWork<\/em><\/strong> har sedan 2002 erfarenhet av att verka inom IT-branschen med tj\u00e4nster inom verksamhetsanalys, mjukvaruutveckling och IT-support.<\/p>\n<p>Vi kan \u00e4ven hj\u00e4lpa dig som privatperson med inkoppling, inst\u00e4llning och support inom data\/IT omr\u00e5det.<br \/>\nVi kan \u00e4ven ge snabbsupport via telefon och fj\u00e4rrstyrning av er dator.<\/p>\n<p><img loading=\"lazy\" decoding=\"async\" class=\"alignnone size-full wp-image-294\" src=\"http:\/\/www.elektronikhemma.se\/wp-content\/uploads\/koppla.jpg\" alt=\"koppla\" width=\"380\" height=\"285\" srcset=\"https:\/\/www.elektronikhemma.se\/wp-content\/uploads\/koppla.jpg 380w, https:\/\/www.elektronikhemma.se\/wp-content\/uploads\/koppla-300x225.jpg 300w\" sizes=\"(max-width: 380px) 100vw, 380px\" \/><\/p>\n","protected":false},"excerpt":{"rendered":"<p>JoWork har sedan 2002 erfarenhet av att verka inom IT-branschen med tj\u00e4nster inom verksamhetsanalys, mjukvaruutveckling och IT-support. Vi kan \u00e4ven hj\u00e4lpa dig som privatperson med inkoppling, inst\u00e4llning och support inom data\/IT omr\u00e5det. Vi kan \u00e4ven ge snabbsupport via telefon och fj\u00e4rrstyrning av er dator.<\/p>\n","protected":false},"author":1,"featured_media":0,"parent":0,"menu_order":0,"comment_status":"closed","ping_status":"closed","template":"","meta":{"footnotes":""},"_links":{"self":[{"href":"https:\/\/www.elektronikhemma.se\/index.php?rest_route=\/wp\/v2\/pages\/211"}],"collection":[{"href":"https:\/\/www.elektronikhemma.se\/index.php?rest_route=\/wp\/v2\/pages"}],"about":[{"href":"https:\/\/www.elektronikhemma.se\/index.php?rest_route=\/wp\/v2\/types\/page"}],"author":[{"embeddable":true,"href":"https:\/\/www.elektronikhemma.se\/index.php?rest_route=\/wp\/v2\/users\/1"}],"replies":[{"embeddable":true,"href":"https:\/\/www.elektronikhemma.se\/index.php?rest_route=%2Fwp%2Fv2%2Fcomments&post=211"}],"version-history":[{"count":10,"href":"https:\/\/www.elektronikhemma.se\/index.php?rest_route=\/wp\/v2\/pages\/211\/revisions"}],"predecessor-version":[{"id":5435,"href":"https:\/\/www.elektronikhemma.se\/index.php?rest_route=\/wp\/v2\/pages\/211\/revisions\/5435"}],"wp:attachment":[{"href":"https:\/\/www.elektronikhemma.se\/index.php?rest_route=%2Fwp%2Fv2%2Fmedia&parent=211"}],"curies":[{"name":"wp","href":"https:\/\/api.w.org\/{rel}","templated":true}]}}