{"id":5,"date":"2013-05-24T22:40:50","date_gmt":"2013-05-24T20:40:50","guid":{"rendered":"http:\/\/www.elektronikhemma.se\/?page_id=5"},"modified":"2021-04-15T13:58:35","modified_gmt":"2021-04-15T11:58:35","slug":"om-jowork","status":"publish","type":"page","link":"https:\/\/www.elektronikhemma.se\/?page_id=5","title":{"rendered":"Om JoWork"},"content":{"rendered":"<p>JoWork startades i juni 2002 och f\u00f6retagets f\u00f6rsta uppdrag var att uppr\u00e4tta en n\u00e4tverksl\u00f6sning och upphandla bredband \u00e5t Ekehagens forntidsby i V\u00e4sterg\u00f6tland. Sedan dess har uppdragen varierat, allt fr\u00e5n verksamhetsanalyser, mjukvarutveckling, verksamhetsutvecklingsprojekt och installationer\/servicear \u00e5t f\u00f6retag i olika branscher. Sedan 2009 innefattar \u00e4ven verksamheten f\u00f6rs\u00e4ljning av elektronik &#8211; datorer, bild &amp; ljud samt f\u00e4sten och installationsmateriel, b\u00e5de till privatpersoner, f\u00f6retag och offentlig sektor.<\/p>\n<p>Under v\u00e5ren 2013 b\u00f6rjade en ny resa f\u00f6r f\u00f6retaget d\u00e5 efterfr\u00e5gan p\u00e5 skr\u00e4ddarsydda elektronikl\u00f6sningar \u00f6kade kraftigt. Avtal med flera starka leverant\u00f6rer inom bild, ljud och n\u00e4tverk sl\u00f6ts och ett nytt aff\u00e4rskoncept arbetades fram.<\/p>\n<p>Idag \u00e4r vi tv\u00e5 stycken medarbetare som arbetar med installationer och support inom bild, ljud, n\u00e4tverk, fiber och smarta hem-l\u00f6sningar. V\u00e5ra kunder finns runt om i M\u00e4lardalen och \u00e4r b\u00e5de privatpersoner och f\u00f6retag.<\/p>\n<p>V\u00e5rt m\u00e5l \u00e4r att ge v\u00e5ra kunder skr\u00e4ddarsydda l\u00e4ttanv\u00e4nda v\u00e4l fungerande l\u00f6sningar som underl\u00e4ttar vardagen.<\/p>\n<p><strong>V\u00e4lkomna!<\/strong><br \/>\n<span style=\"font-size: inherit;\">Joel och Timo<\/span><\/p>\n","protected":false},"excerpt":{"rendered":"<p>JoWork startades i juni 2002 och f\u00f6retagets f\u00f6rsta uppdrag var att uppr\u00e4tta en n\u00e4tverksl\u00f6sning och upphandla bredband \u00e5t Ekehagens forntidsby i V\u00e4sterg\u00f6tland. Sedan dess har uppdragen varierat, allt fr\u00e5n verksamhetsanalyser, mjukvarutveckling, verksamhetsutvecklingsprojekt och installationer\/servicear \u00e5t f\u00f6retag i olika branscher. Sedan 2009 innefattar \u00e4ven verksamheten f\u00f6rs\u00e4ljning av elektronik &#8211; datorer, bild &amp; ljud samt f\u00e4sten och [&hellip;]<\/p>\n","protected":false},"author":1,"featured_media":0,"parent":0,"menu_order":0,"comment_status":"closed","ping_status":"closed","template":"","meta":{"footnotes":""},"_links":{"self":[{"href":"https:\/\/www.elektronikhemma.se\/index.php?rest_route=\/wp\/v2\/pages\/5"}],"collection":[{"href":"https:\/\/www.elektronikhemma.se\/index.php?rest_route=\/wp\/v2\/pages"}],"about":[{"href":"https:\/\/www.elektronikhemma.se\/index.php?rest_route=\/wp\/v2\/types\/page"}],"author":[{"embeddable":true,"href":"https:\/\/www.elektronikhemma.se\/index.php?rest_route=\/wp\/v2\/users\/1"}],"replies":[{"embeddable":true,"href":"https:\/\/www.elektronikhemma.se\/index.php?rest_route=%2Fwp%2Fv2%2Fcomments&post=5"}],"version-history":[{"count":10,"href":"https:\/\/www.elektronikhemma.se\/index.php?rest_route=\/wp\/v2\/pages\/5\/revisions"}],"predecessor-version":[{"id":5419,"href":"https:\/\/www.elektronikhemma.se\/index.php?rest_route=\/wp\/v2\/pages\/5\/revisions\/5419"}],"wp:attachment":[{"href":"https:\/\/www.elektronikhemma.se\/index.php?rest_route=%2Fwp%2Fv2%2Fmedia&parent=5"}],"curies":[{"name":"wp","href":"https:\/\/api.w.org\/{rel}","templated":true}]}}